{"id":143,"date":"2021-11-02T20:38:39","date_gmt":"2021-11-02T19:38:39","guid":{"rendered":"http:\/\/mecaperfpassion.fr\/?page_id=143"},"modified":"2022-10-26T18:53:15","modified_gmt":"2022-10-26T16:53:15","slug":"renovations","status":"publish","type":"page","link":"https:\/\/mecaperfpassion.fr\/?page_id=143","title":{"rendered":"R\u00e9novations"},"content":{"rendered":"<div data-colibri-id=\"143-c1\" class=\"style-267 style-local-143-c1 position-relative\">\n  <!---->\n  <div data-colibri-component=\"section\" data-colibri-id=\"143-c2\" id=\"custom\" class=\"h-section h-section-global-spacing d-flex align-items-lg-center align-items-md-center align-items-center style-272 style-local-143-c2 position-relative\">\n    <!---->\n    <!---->\n    <div class=\"h-section-grid-container h-section-boxed-container\">\n      <!---->\n      <div data-colibri-id=\"143-c3\" class=\"h-row-container gutters-row-lg-2 gutters-row-md-2 gutters-row-0 gutters-row-v-lg-2 gutters-row-v-md-2 gutters-row-v-2 style-273 style-local-143-c3 position-relative\">\n        <!---->\n        <div class=\"h-row justify-content-lg-center justify-content-md-center justify-content-center align-items-lg-stretch align-items-md-stretch align-items-stretch gutters-col-lg-2 gutters-col-md-2 gutters-col-0 gutters-col-v-lg-2 gutters-col-v-md-2 gutters-col-v-2\">\n          <!---->\n          <div class=\"h-column h-column-container d-flex h-col-lg-auto h-col-md-auto h-col-auto style-274-outer style-local-143-c4-outer\">\n            <div data-colibri-id=\"143-c4\" class=\"d-flex h-flex-basis h-column__inner h-px-lg-2 h-px-md-2 h-px-2 v-inner-lg-2 v-inner-md-2 v-inner-2 style-274 style-local-143-c4 position-relative\">\n              <!---->\n              <!---->\n              <div class=\"w-100 h-y-container h-column__content h-column__v-align flex-basis-100 align-self-lg-start align-self-md-start align-self-start\">\n                <!---->\n                <div data-colibri-id=\"143-c5\" class=\"d-block style-276 style-local-143-c5 position-relative h-element\">\n                  <!---->\n                  <div class=\"h-image__frame-container-outer\">\n                    <div class=\"h-image__frame-container\">\n                      <!---->\n                      <!---->\n                      <img decoding=\"async\" loading=\"lazy\" width=\"2560\" height=\"1182\" src=\"https:\/\/mecaperfpassion.fr\/wp-content\/uploads\/2021\/11\/renokzj1-scaled.jpg\" class=\"wp-image-144 style-276-image style-local-143-c5-image\" srcset=\"https:\/\/mecaperfpassion.fr\/wp-content\/uploads\/2021\/11\/renokzj1-scaled.jpg 2560w, https:\/\/mecaperfpassion.fr\/wp-content\/uploads\/2021\/11\/renokzj1-300x139.jpg 300w, https:\/\/mecaperfpassion.fr\/wp-content\/uploads\/2021\/11\/renokzj1-1024x473.jpg 1024w, https:\/\/mecaperfpassion.fr\/wp-content\/uploads\/2021\/11\/renokzj1-768x355.jpg 768w, https:\/\/mecaperfpassion.fr\/wp-content\/uploads\/2021\/11\/renokzj1-1536x709.jpg 1536w, https:\/\/mecaperfpassion.fr\/wp-content\/uploads\/2021\/11\/renokzj1-2048x946.jpg 2048w\" sizes=\"(max-width: 2560px) 100vw, 2560px\" alt=\"\" \/>\n                      <div class=\"h-image__frame h-hide-lg h-hide-md h-hide-sm style-276-frameImage style-local-143-c5-frameImage\"><\/div>\n                    <\/div>\n                    <div class=\"style-276-caption style-local-143-c5-caption\">\n                      Origine\n                    <\/div>\n                  <\/div>\n                <\/div>\n              <\/div>\n            <\/div>\n          <\/div>\n          <div class=\"h-column h-column-container d-flex h-col-lg-auto h-col-md-auto h-col-auto style-275-outer style-local-143-c6-outer\">\n            <div data-colibri-id=\"143-c6\" class=\"d-flex h-flex-basis h-column__inner h-px-lg-2 h-px-md-2 h-px-2 v-inner-lg-2 v-inner-md-2 v-inner-2 style-275 style-local-143-c6 position-relative\">\n              <!---->\n              <!---->\n              <div class=\"w-100 h-y-container h-column__content h-column__v-align flex-basis-100 align-self-lg-start align-self-md-start align-self-start\">\n                <!---->\n                <div data-colibri-id=\"143-c7\" class=\"d-block style-277 style-local-143-c7 position-relative h-element\">\n                  <!---->\n                  <div class=\"h-image__frame-container-outer\">\n                    <div class=\"h-image__frame-container\">\n                      <!---->\n                      <!---->\n                      <img decoding=\"async\" loading=\"lazy\" width=\"2560\" height=\"1182\" src=\"https:\/\/mecaperfpassion.fr\/wp-content\/uploads\/2021\/11\/renokzj2-scaled.jpg\" class=\"wp-image-145 style-277-image style-local-143-c7-image\" srcset=\"https:\/\/mecaperfpassion.fr\/wp-content\/uploads\/2021\/11\/renokzj2-scaled.jpg 2560w, https:\/\/mecaperfpassion.fr\/wp-content\/uploads\/2021\/11\/renokzj2-300x139.jpg 300w, https:\/\/mecaperfpassion.fr\/wp-content\/uploads\/2021\/11\/renokzj2-1024x473.jpg 1024w, https:\/\/mecaperfpassion.fr\/wp-content\/uploads\/2021\/11\/renokzj2-768x355.jpg 768w, https:\/\/mecaperfpassion.fr\/wp-content\/uploads\/2021\/11\/renokzj2-1536x709.jpg 1536w, https:\/\/mecaperfpassion.fr\/wp-content\/uploads\/2021\/11\/renokzj2-2048x946.jpg 2048w\" sizes=\"(max-width: 2560px) 100vw, 2560px\" alt=\"\" \/>\n                      <div class=\"h-image__frame h-hide-lg h-hide-md h-hide-sm style-277-frameImage style-local-143-c7-frameImage\"><\/div>\n                    <\/div>\n                    <div class=\"style-277-caption style-local-143-c7-caption\">\n                      Apr\u00e9s sablage\n                    <\/div>\n                  <\/div>\n                <\/div>\n              <\/div>\n            <\/div>\n          <\/div>\n        <\/div>\n      <\/div>\n      <div data-colibri-id=\"143-c8\" class=\"h-row-container gutters-row-lg-2 gutters-row-md-2 gutters-row-0 gutters-row-v-lg-2 gutters-row-v-md-2 gutters-row-v-2 style-278 style-local-143-c8 position-relative\">\n        <!---->\n        <div class=\"h-row justify-content-lg-center justify-content-md-center justify-content-center align-items-lg-stretch align-items-md-stretch align-items-stretch gutters-col-lg-2 gutters-col-md-2 gutters-col-0 gutters-col-v-lg-2 gutters-col-v-md-2 gutters-col-v-2\">\n          <!---->\n          <div class=\"h-column h-column-container d-flex h-col-lg-auto h-col-md-auto h-col-auto style-279-outer style-local-143-c9-outer\">\n            <div data-colibri-id=\"143-c9\" class=\"d-flex h-flex-basis h-column__inner h-px-lg-2 h-px-md-2 h-px-2 v-inner-lg-2 v-inner-md-2 v-inner-2 style-279 style-local-143-c9 position-relative\">\n              <!---->\n              <!---->\n              <div class=\"w-100 h-y-container h-column__content h-column__v-align flex-basis-100 align-self-lg-start align-self-md-start align-self-start\">\n                <!---->\n                <div data-colibri-id=\"143-c10\" class=\"d-block style-281 style-local-143-c10 position-relative h-element\">\n                  <!---->\n                  <div class=\"h-image__frame-container-outer\">\n                    <div class=\"h-image__frame-container\">\n                      <!---->\n                      <!---->\n                      <img decoding=\"async\" loading=\"lazy\" width=\"2560\" height=\"1182\" src=\"https:\/\/mecaperfpassion.fr\/wp-content\/uploads\/2021\/11\/renokzj3-scaled.jpg\" class=\"wp-image-146 style-281-image style-local-143-c10-image\" srcset=\"https:\/\/mecaperfpassion.fr\/wp-content\/uploads\/2021\/11\/renokzj3-scaled.jpg 2560w, https:\/\/mecaperfpassion.fr\/wp-content\/uploads\/2021\/11\/renokzj3-300x139.jpg 300w, https:\/\/mecaperfpassion.fr\/wp-content\/uploads\/2021\/11\/renokzj3-1024x473.jpg 1024w, https:\/\/mecaperfpassion.fr\/wp-content\/uploads\/2021\/11\/renokzj3-768x355.jpg 768w, https:\/\/mecaperfpassion.fr\/wp-content\/uploads\/2021\/11\/renokzj3-1536x709.jpg 1536w, https:\/\/mecaperfpassion.fr\/wp-content\/uploads\/2021\/11\/renokzj3-2048x946.jpg 2048w\" sizes=\"(max-width: 2560px) 100vw, 2560px\" alt=\"\" \/>\n                      <div class=\"h-image__frame h-hide-lg h-hide-md h-hide-sm style-281-frameImage style-local-143-c10-frameImage\"><\/div>\n                    <\/div>\n                    <div class=\"style-281-caption style-local-143-c10-caption\">\n                      Train avant peinture epoxy\n                    <\/div>\n                  <\/div>\n                <\/div>\n              <\/div>\n            <\/div>\n          <\/div>\n          <div class=\"h-column h-column-container d-flex h-col-lg-auto h-col-md-auto h-col-auto style-280-outer style-local-143-c11-outer\">\n            <div data-colibri-id=\"143-c11\" class=\"d-flex h-flex-basis h-column__inner h-px-lg-2 h-px-md-2 h-px-2 v-inner-lg-2 v-inner-md-2 v-inner-2 style-280 style-local-143-c11 position-relative\">\n              <!---->\n              <!---->\n              <div class=\"w-100 h-y-container h-column__content h-column__v-align flex-basis-100 align-self-lg-start align-self-md-start align-self-start\">\n                <!---->\n                <div data-colibri-id=\"143-c12\" class=\"d-block style-282 style-local-143-c12 position-relative h-element\">\n                  <!---->\n                  <div class=\"h-image__frame-container-outer\">\n                    <div class=\"h-image__frame-container\">\n                      <!---->\n                      <!---->\n                      <img decoding=\"async\" loading=\"lazy\" width=\"2560\" height=\"1182\" src=\"https:\/\/mecaperfpassion.fr\/wp-content\/uploads\/2021\/11\/renokzj4-scaled.jpg\" class=\"wp-image-147 style-282-image style-local-143-c12-image\" srcset=\"https:\/\/mecaperfpassion.fr\/wp-content\/uploads\/2021\/11\/renokzj4-scaled.jpg 2560w, https:\/\/mecaperfpassion.fr\/wp-content\/uploads\/2021\/11\/renokzj4-300x139.jpg 300w, https:\/\/mecaperfpassion.fr\/wp-content\/uploads\/2021\/11\/renokzj4-1024x473.jpg 1024w, https:\/\/mecaperfpassion.fr\/wp-content\/uploads\/2021\/11\/renokzj4-768x355.jpg 768w, https:\/\/mecaperfpassion.fr\/wp-content\/uploads\/2021\/11\/renokzj4-1536x709.jpg 1536w, https:\/\/mecaperfpassion.fr\/wp-content\/uploads\/2021\/11\/renokzj4-2048x946.jpg 2048w\" sizes=\"(max-width: 2560px) 100vw, 2560px\" alt=\"\" \/>\n                      <div class=\"h-image__frame h-hide-lg h-hide-md h-hide-sm style-282-frameImage style-local-143-c12-frameImage\"><\/div>\n                    <\/div>\n                    <div class=\"style-282-caption style-local-143-c12-caption\">\n                      Train arri\u00e8re peinture epoxy\n                    <\/div>\n                  <\/div>\n                <\/div>\n              <\/div>\n            <\/div>\n          <\/div>\n        <\/div>\n      <\/div>\n      <div data-colibri-id=\"143-c13\" class=\"h-row-container gutters-row-lg-2 gutters-row-md-2 gutters-row-0 gutters-row-v-lg-2 gutters-row-v-md-2 gutters-row-v-2 style-283 style-local-143-c13 position-relative\">\n        <!---->\n        <div class=\"h-row justify-content-lg-center justify-content-md-center justify-content-center align-items-lg-stretch align-items-md-stretch align-items-stretch gutters-col-lg-2 gutters-col-md-2 gutters-col-0 gutters-col-v-lg-2 gutters-col-v-md-2 gutters-col-v-2\">\n          <!---->\n          <div class=\"h-column h-column-container d-flex h-col-lg-auto h-col-md-auto h-col-auto style-284-outer style-local-143-c14-outer\">\n            <div data-colibri-id=\"143-c14\" class=\"d-flex h-flex-basis h-column__inner h-px-lg-2 h-px-md-2 h-px-2 v-inner-lg-2 v-inner-md-2 v-inner-2 style-284 style-local-143-c14 position-relative\">\n              <!---->\n              <!---->\n              <div class=\"w-100 h-y-container h-column__content h-column__v-align flex-basis-100 align-self-lg-start align-self-md-start align-self-start\">\n                <!---->\n                <div data-colibri-id=\"143-c15\" class=\"d-block style-286 style-local-143-c15 position-relative h-element\">\n                  <!---->\n                  <div class=\"h-image__frame-container-outer\">\n                    <div class=\"h-image__frame-container\">\n                      <!---->\n                      <!---->\n                      <img decoding=\"async\" src=\"https:\/\/mecaperfpassion.fr\/wp-content\/uploads\/2021\/11\/boitekzj-1024x473.jpg\" class=\"style-286-image style-local-143-c15-image\">\n                      <div class=\"h-image__frame h-hide-lg h-hide-md h-hide-sm style-286-frameImage style-local-143-c15-frameImage\"><\/div>\n                    <\/div>\n                    <div class=\"style-286-caption style-local-143-c15-caption\">\n                      R\u00e9f\u00e8ction Boite\n                    <\/div>\n                  <\/div>\n                <\/div>\n              <\/div>\n            <\/div>\n          <\/div>\n        <\/div>\n      <\/div>\n      <div data-colibri-id=\"143-c16\" class=\"h-row-container gutters-row-lg-2 gutters-row-md-2 gutters-row-0 gutters-row-v-lg-2 gutters-row-v-md-2 gutters-row-v-2 style-288 style-local-143-c16 position-relative\">\n        <!---->\n        <div class=\"h-row justify-content-lg-center justify-content-md-center justify-content-center align-items-lg-stretch align-items-md-stretch align-items-stretch gutters-col-lg-2 gutters-col-md-2 gutters-col-0 gutters-col-v-lg-2 gutters-col-v-md-2 gutters-col-v-2\">\n          <!---->\n          <div class=\"h-column h-column-container d-flex h-col-lg-auto h-col-md-auto h-col-auto style-289-outer style-local-143-c17-outer\">\n            <div data-colibri-id=\"143-c17\" class=\"d-flex h-flex-basis h-column__inner h-px-lg-2 h-px-md-2 h-px-2 v-inner-lg-2 v-inner-md-2 v-inner-2 style-289 style-local-143-c17 position-relative\">\n              <!---->\n              <!---->\n              <div class=\"w-100 h-y-container h-column__content h-column__v-align flex-basis-100 align-self-lg-start align-self-md-start align-self-start\">\n                <!---->\n                <div data-colibri-id=\"143-c18\" class=\"d-block style-294 style-local-143-c18 position-relative h-element\">\n                  <!---->\n                  <div class=\"h-image__frame-container-outer\">\n                    <div class=\"h-image__frame-container\">\n                      <!---->\n                      <!---->\n                      <img decoding=\"async\" loading=\"lazy\" width=\"2560\" height=\"1182\" src=\"https:\/\/mecaperfpassion.fr\/wp-content\/uploads\/2021\/11\/parechockzj1-scaled.jpg\" class=\"wp-image-148 style-294-image style-local-143-c18-image\" srcset=\"https:\/\/mecaperfpassion.fr\/wp-content\/uploads\/2021\/11\/parechockzj1-scaled.jpg 2560w, https:\/\/mecaperfpassion.fr\/wp-content\/uploads\/2021\/11\/parechockzj1-300x139.jpg 300w, https:\/\/mecaperfpassion.fr\/wp-content\/uploads\/2021\/11\/parechockzj1-1024x473.jpg 1024w, https:\/\/mecaperfpassion.fr\/wp-content\/uploads\/2021\/11\/parechockzj1-768x355.jpg 768w, https:\/\/mecaperfpassion.fr\/wp-content\/uploads\/2021\/11\/parechockzj1-1536x709.jpg 1536w, https:\/\/mecaperfpassion.fr\/wp-content\/uploads\/2021\/11\/parechockzj1-2048x946.jpg 2048w\" sizes=\"(max-width: 2560px) 100vw, 2560px\" alt=\"\" \/>\n                      <div class=\"h-image__frame h-hide-lg h-hide-md h-hide-sm style-294-frameImage style-local-143-c18-frameImage\"><\/div>\n                    <\/div>\n                    <div class=\"style-294-caption style-local-143-c18-caption\">\n                      Pare choc avant fait maison\n                    <\/div>\n                  <\/div>\n                <\/div>\n              <\/div>\n            <\/div>\n          <\/div>\n          <div class=\"h-column h-column-container d-flex h-col-lg-auto h-col-md-auto h-col-auto style-290-outer style-local-143-c19-outer\">\n            <div data-colibri-id=\"143-c19\" class=\"d-flex h-flex-basis h-column__inner h-px-lg-2 h-px-md-2 h-px-2 v-inner-lg-2 v-inner-md-2 v-inner-2 style-290 style-local-143-c19 position-relative\">\n              <!---->\n              <!---->\n              <div class=\"w-100 h-y-container h-column__content h-column__v-align flex-basis-100 align-self-lg-start align-self-md-start align-self-start\">\n                <!---->\n                <div data-colibri-id=\"143-c20\" class=\"d-block style-295 style-local-143-c20 position-relative h-element\">\n                  <!---->\n                  <div class=\"h-image__frame-container-outer\">\n                    <div class=\"h-image__frame-container\">\n                      <!---->\n                      <!---->\n                      <img decoding=\"async\" loading=\"lazy\" width=\"2560\" height=\"1182\" src=\"https:\/\/mecaperfpassion.fr\/wp-content\/uploads\/2021\/11\/parechockzj2-scaled.jpg\" class=\"wp-image-149 style-295-image style-local-143-c20-image\" srcset=\"https:\/\/mecaperfpassion.fr\/wp-content\/uploads\/2021\/11\/parechockzj2-scaled.jpg 2560w, https:\/\/mecaperfpassion.fr\/wp-content\/uploads\/2021\/11\/parechockzj2-300x139.jpg 300w, https:\/\/mecaperfpassion.fr\/wp-content\/uploads\/2021\/11\/parechockzj2-1024x473.jpg 1024w, https:\/\/mecaperfpassion.fr\/wp-content\/uploads\/2021\/11\/parechockzj2-768x355.jpg 768w, https:\/\/mecaperfpassion.fr\/wp-content\/uploads\/2021\/11\/parechockzj2-1536x709.jpg 1536w, https:\/\/mecaperfpassion.fr\/wp-content\/uploads\/2021\/11\/parechockzj2-2048x946.jpg 2048w\" sizes=\"(max-width: 2560px) 100vw, 2560px\" alt=\"\" \/>\n                      <div class=\"h-image__frame h-hide-lg h-hide-md h-hide-sm style-295-frameImage style-local-143-c20-frameImage\"><\/div>\n                    <\/div>\n                    <div class=\"style-295-caption style-local-143-c20-caption\">\n                      Pare choc arri\u00e8re fait maison\n                    <\/div>\n                  <\/div>\n                <\/div>\n              <\/div>\n            <\/div>\n          <\/div>\n        <\/div>\n      <\/div>\n      <div data-colibri-id=\"143-c21\" class=\"h-row-container gutters-row-lg-2 gutters-row-md-2 gutters-row-0 gutters-row-v-lg-2 gutters-row-v-md-2 gutters-row-v-2 style-296 style-local-143-c21 position-relative\">\n        <!---->\n        <div class=\"h-row justify-content-lg-center justify-content-md-center justify-content-center align-items-lg-stretch align-items-md-stretch align-items-stretch gutters-col-lg-2 gutters-col-md-2 gutters-col-0 gutters-col-v-lg-2 gutters-col-v-md-2 gutters-col-v-2\">\n          <!---->\n          <div class=\"h-column h-column-container d-flex h-col-lg-auto h-col-md-auto h-col-auto style-297-outer style-local-143-c22-outer\">\n            <div data-colibri-id=\"143-c22\" class=\"d-flex h-flex-basis h-column__inner h-px-lg-2 h-px-md-2 h-px-2 v-inner-lg-2 v-inner-md-2 v-inner-2 style-297 style-local-143-c22 position-relative\">\n              <!---->\n              <!---->\n              <div class=\"w-100 h-y-container h-column__content h-column__v-align flex-basis-100 align-self-lg-start align-self-md-start align-self-start\">\n                <!---->\n                <div data-colibri-id=\"143-c23\" class=\"d-block style-299 style-local-143-c23 position-relative h-element\">\n                  <!---->\n                  <div class=\"h-image__frame-container-outer\">\n                    <div class=\"h-image__frame-container\">\n                      <!---->\n                      <!---->\n                      <img decoding=\"async\" loading=\"lazy\" width=\"2560\" height=\"1182\" src=\"https:\/\/mecaperfpassion.fr\/wp-content\/uploads\/2021\/11\/kzj1-scaled.jpg\" class=\"wp-image-140 style-299-image style-local-143-c23-image\" srcset=\"https:\/\/mecaperfpassion.fr\/wp-content\/uploads\/2021\/11\/kzj1-scaled.jpg 2560w, https:\/\/mecaperfpassion.fr\/wp-content\/uploads\/2021\/11\/kzj1-300x139.jpg 300w, https:\/\/mecaperfpassion.fr\/wp-content\/uploads\/2021\/11\/kzj1-1024x473.jpg 1024w, https:\/\/mecaperfpassion.fr\/wp-content\/uploads\/2021\/11\/kzj1-768x355.jpg 768w, https:\/\/mecaperfpassion.fr\/wp-content\/uploads\/2021\/11\/kzj1-1536x709.jpg 1536w, https:\/\/mecaperfpassion.fr\/wp-content\/uploads\/2021\/11\/kzj1-2048x946.jpg 2048w\" sizes=\"(max-width: 2560px) 100vw, 2560px\" alt=\"\" \/>\n                      <div class=\"h-image__frame h-hide-lg h-hide-md h-hide-sm style-299-frameImage style-local-143-c23-frameImage\"><\/div>\n                    <\/div>\n                    <div class=\"style-299-caption style-local-143-c23-caption\">\n                      R\u00e9sultat final\n                    <\/div>\n                  <\/div>\n                <\/div>\n              <\/div>\n            <\/div>\n          <\/div>\n          <div class=\"h-column h-column-container d-flex h-col-lg-auto h-col-md-auto h-col-auto style-298-outer style-local-143-c24-outer\">\n            <div data-colibri-id=\"143-c24\" class=\"d-flex h-flex-basis h-column__inner h-px-lg-2 h-px-md-2 h-px-2 v-inner-lg-2 v-inner-md-2 v-inner-2 style-298 style-local-143-c24 position-relative\">\n              <!---->\n              <!---->\n              <div class=\"w-100 h-y-container h-column__content h-column__v-align flex-basis-100 align-self-lg-start align-self-md-start align-self-start\">\n                <!---->\n                <div data-colibri-id=\"143-c25\" class=\"d-block style-300 style-local-143-c25 position-relative h-element\">\n                  <!---->\n                  <div class=\"h-image__frame-container-outer\">\n                    <div class=\"h-image__frame-container\">\n                      <!---->\n                      <!---->\n                      <img decoding=\"async\" loading=\"lazy\" width=\"2560\" height=\"1182\" src=\"https:\/\/mecaperfpassion.fr\/wp-content\/uploads\/2021\/11\/kzj2-scaled.jpg\" class=\"wp-image-141 style-300-image style-local-143-c25-image\" srcset=\"https:\/\/mecaperfpassion.fr\/wp-content\/uploads\/2021\/11\/kzj2-scaled.jpg 2560w, https:\/\/mecaperfpassion.fr\/wp-content\/uploads\/2021\/11\/kzj2-300x139.jpg 300w, https:\/\/mecaperfpassion.fr\/wp-content\/uploads\/2021\/11\/kzj2-1024x473.jpg 1024w, https:\/\/mecaperfpassion.fr\/wp-content\/uploads\/2021\/11\/kzj2-768x355.jpg 768w, https:\/\/mecaperfpassion.fr\/wp-content\/uploads\/2021\/11\/kzj2-1536x709.jpg 1536w, https:\/\/mecaperfpassion.fr\/wp-content\/uploads\/2021\/11\/kzj2-2048x946.jpg 2048w\" sizes=\"(max-width: 2560px) 100vw, 2560px\" alt=\"\" \/>\n                      <div class=\"h-image__frame h-hide-lg h-hide-md h-hide-sm style-300-frameImage style-local-143-c25-frameImage\"><\/div>\n                    <\/div>\n                  <\/div>\n                <\/div>\n              <\/div>\n            <\/div>\n          <\/div>\n        <\/div>\n      <\/div>\n    <\/div>\n  <\/div>\n<\/div>","protected":false},"excerpt":{"rendered":"<p>Origine Apr\u00e9s sablage Train avant peinture epoxy Train arri\u00e8re peinture epoxy R\u00e9f\u00e8ction Boite Pare choc avant fait maison Pare choc arri\u00e8re fait maison R\u00e9sultat final<\/p>\n","protected":false},"author":1,"featured_media":0,"parent":0,"menu_order":0,"comment_status":"closed","ping_status":"closed","template":"page-templates\/full-width-page.php","meta":{"footnotes":""},"_links":{"self":[{"href":"https:\/\/mecaperfpassion.fr\/index.php?rest_route=\/wp\/v2\/pages\/143"}],"collection":[{"href":"https:\/\/mecaperfpassion.fr\/index.php?rest_route=\/wp\/v2\/pages"}],"about":[{"href":"https:\/\/mecaperfpassion.fr\/index.php?rest_route=\/wp\/v2\/types\/page"}],"author":[{"embeddable":true,"href":"https:\/\/mecaperfpassion.fr\/index.php?rest_route=\/wp\/v2\/users\/1"}],"replies":[{"embeddable":true,"href":"https:\/\/mecaperfpassion.fr\/index.php?rest_route=%2Fwp%2Fv2%2Fcomments&post=143"}],"version-history":[{"count":6,"href":"https:\/\/mecaperfpassion.fr\/index.php?rest_route=\/wp\/v2\/pages\/143\/revisions"}],"predecessor-version":[{"id":490,"href":"https:\/\/mecaperfpassion.fr\/index.php?rest_route=\/wp\/v2\/pages\/143\/revisions\/490"}],"wp:attachment":[{"href":"https:\/\/mecaperfpassion.fr\/index.php?rest_route=%2Fwp%2Fv2%2Fmedia&parent=143"}],"curies":[{"name":"wp","href":"https:\/\/api.w.org\/{rel}","templated":true}]}}