{"id":8,"date":"2021-11-02T18:36:37","date_gmt":"2021-11-02T17:36:37","guid":{"rendered":"http:\/\/mecaperfpassion.fr\/?page_id=8"},"modified":"2023-11-06T16:30:08","modified_gmt":"2023-11-06T15:30:08","slug":"contact","status":"publish","type":"page","link":"https:\/\/mecaperfpassion.fr\/?page_id=8","title":{"rendered":"Contact"},"content":{"rendered":"<div data-colibri-id=\"8-c1\" class=\"style-235 style-local-8-c1 position-relative\">\n  <!---->\n  <div data-colibri-component=\"section\" data-colibri-id=\"8-c2\" id=\"about\" class=\"h-section h-section-global-spacing d-flex align-items-lg-center align-items-md-center align-items-center style-352 style-local-8-c2 position-relative\">\n    <!---->\n    <!---->\n    <div class=\"h-section-grid-container h-section-boxed-container\">\n      <!---->\n      <div data-colibri-id=\"8-c3\" class=\"h-row-container gutters-row-lg-0 gutters-row-md-0 gutters-row-0 gutters-row-v-lg-0 gutters-row-v-md-0 gutters-row-v-0 style-353 style-local-8-c3 position-relative\">\n        <!---->\n        <div class=\"h-row justify-content-lg-center justify-content-md-center justify-content-center align-items-lg-stretch align-items-md-stretch align-items-stretch gutters-col-lg-0 gutters-col-md-0 gutters-col-0 gutters-col-v-lg-0 gutters-col-v-md-0 gutters-col-v-0\">\n          <!---->\n          <div class=\"h-column h-column-container d-flex h-col-lg-auto h-col-md-auto h-col-auto style-354-outer style-local-8-c4-outer\">\n            <div data-colibri-id=\"8-c4\" class=\"d-flex h-flex-basis h-column__inner h-px-lg-0 h-px-md-0 h-px-0 v-inner-lg-0 v-inner-md-0 v-inner-0 style-354 style-local-8-c4 position-relative\">\n              <!---->\n              <!---->\n              <div class=\"w-100 h-y-container h-column__content h-column__v-align flex-basis-100 align-self-lg-start align-self-md-start align-self-start\">\n                <!---->\n                <div data-colibri-id=\"8-c5\" class=\"h-global-transition-all h-heading style-355 style-local-8-c5 position-relative h-element\">\n                  <!---->\n                  <div class=\"h-heading__outer style-355 style-local-8-c5\">\n                    <!---->\n                    <!---->\n                    <h5 class=\"\">A propos de nous<\/h5>\n                  <\/div>\n                <\/div>\n                <div data-colibri-id=\"8-c6\" class=\"h-global-transition-all h-heading style-356 style-local-8-c6 position-relative h-element\">\n                  <!---->\n                  <div class=\"h-heading__outer style-356 style-local-8-c6\">\n                    <!---->\n                    <!---->\n                    <h2 class=\"\">Vous pouvez appeler Fr\u00e9d\u00e9ric ou Liam au 06.80.48.52.33<\/h2>\n                  <\/div>\n                <\/div>\n                <div data-colibri-id=\"8-c7\" class=\"h-text h-text-component style-357 style-local-8-c7 position-relative h-element\">\n                  <!---->\n                  <!---->\n                  <div class=\"\">\n                    <p>Nous nous ferons un plaisir de vous r\u00e9pondre et de trouver une solution pour votre auto.<\/p>\n                    <p>Aucune r\u00e9paration n&#8217;est faite sans l&#8217;aval du client et nous sommes le plus transparent possible.<\/p>\n                    <p>Nous gardons les pi\u00e8ces chang\u00e9es si vous voulez les voir et pouvons prendre des photos pendant les travaux.<\/p>\n                    <p>Nous pouvons \u00e9galement vous pr\u00eater une voiture si n\u00e9cessaire.\n                      <br>\n                    <\/p>\n                  <\/div>\n                <\/div>\n              <\/div>\n            <\/div>\n          <\/div>\n          <div class=\"h-column h-column-container d-flex h-col-lg-auto h-col-md-auto h-col-auto style-358-outer style-local-8-c8-outer\">\n            <div data-colibri-id=\"8-c8\" class=\"d-flex h-flex-basis h-column__inner h-px-lg-2 h-px-md-2 h-px-2 v-inner-lg-2 v-inner-md-2 v-inner-2 style-358 style-local-8-c8 position-relative\">\n              <!---->\n              <!---->\n              <div class=\"w-100 h-y-container h-column__content h-column__v-align flex-basis-100 align-self-lg-start align-self-md-start align-self-start\">\n                <!---->\n                <div data-colibri-id=\"8-c9\" class=\"d-block style-359 style-local-8-c9 position-relative h-element\">\n                  <!---->\n                  <div class=\"h-image__frame-container-outer\">\n                    <div class=\"h-image__frame-container\">\n                      <!---->\n                      <!---->\n                      <img decoding=\"async\" loading=\"lazy\" width=\"1961\" height=\"1181\" src=\"https:\/\/mecaperfpassion.fr\/wp-content\/uploads\/2022\/10\/cropped-20220508_125259-scaled-1.jpg\" class=\"wp-image-438 style-359-image style-local-8-c9-image\" srcset=\"https:\/\/mecaperfpassion.fr\/wp-content\/uploads\/2022\/10\/cropped-20220508_125259-scaled-1.jpg 1961w, https:\/\/mecaperfpassion.fr\/wp-content\/uploads\/2022\/10\/cropped-20220508_125259-scaled-1-300x181.jpg 300w, https:\/\/mecaperfpassion.fr\/wp-content\/uploads\/2022\/10\/cropped-20220508_125259-scaled-1-1024x617.jpg 1024w, https:\/\/mecaperfpassion.fr\/wp-content\/uploads\/2022\/10\/cropped-20220508_125259-scaled-1-768x463.jpg 768w, https:\/\/mecaperfpassion.fr\/wp-content\/uploads\/2022\/10\/cropped-20220508_125259-scaled-1-1536x925.jpg 1536w\" sizes=\"(max-width: 1961px) 100vw, 1961px\" alt=\"\" \/>\n                      <div class=\"h-image__frame h-hide-lg h-hide-md h-hide-sm style-359-frameImage style-local-8-c9-frameImage\"><\/div>\n                    <\/div>\n                  <\/div>\n                <\/div>\n              <\/div>\n            <\/div>\n          <\/div>\n        <\/div>\n      <\/div>\n    <\/div>\n  <\/div>\n<\/div>","protected":false},"excerpt":{"rendered":"<p>A propos de nous Vous pouvez appeler Fr\u00e9d\u00e9ric ou Liam au 06.80.48.52.33 Nous nous ferons un plaisir de vous r\u00e9pondre et de trouver une solution pour votre auto. Aucune r\u00e9paration n&#8217;est faite sans l&#8217;aval du client et nous sommes le plus transparent possible. Nous gardons les pi\u00e8ces chang\u00e9es si vous voulez les voir et pouvons [&hellip;]<\/p>\n","protected":false},"author":1,"featured_media":0,"parent":0,"menu_order":0,"comment_status":"closed","ping_status":"closed","template":"page-templates\/full-width-page.php","meta":{"footnotes":""},"_links":{"self":[{"href":"https:\/\/mecaperfpassion.fr\/index.php?rest_route=\/wp\/v2\/pages\/8"}],"collection":[{"href":"https:\/\/mecaperfpassion.fr\/index.php?rest_route=\/wp\/v2\/pages"}],"about":[{"href":"https:\/\/mecaperfpassion.fr\/index.php?rest_route=\/wp\/v2\/types\/page"}],"author":[{"embeddable":true,"href":"https:\/\/mecaperfpassion.fr\/index.php?rest_route=\/wp\/v2\/users\/1"}],"replies":[{"embeddable":true,"href":"https:\/\/mecaperfpassion.fr\/index.php?rest_route=%2Fwp%2Fv2%2Fcomments&post=8"}],"version-history":[{"count":6,"href":"https:\/\/mecaperfpassion.fr\/index.php?rest_route=\/wp\/v2\/pages\/8\/revisions"}],"predecessor-version":[{"id":504,"href":"https:\/\/mecaperfpassion.fr\/index.php?rest_route=\/wp\/v2\/pages\/8\/revisions\/504"}],"wp:attachment":[{"href":"https:\/\/mecaperfpassion.fr\/index.php?rest_route=%2Fwp%2Fv2%2Fmedia&parent=8"}],"curies":[{"name":"wp","href":"https:\/\/api.w.org\/{rel}","templated":true}]}}